7
Let t(m) = m**2 - m + 44. Let c be t(0). Let b = c + -18. Let s = 56 + -7. What is the remainder when s is divided by b?
23
Suppose -4*z = -2 - 6. Suppose 0 = 909*n - 7169 - 12540 - 2107. Calculate the remainder when 0 - z - (-70 - -1) is divided by n.
19
Suppose 0 = -41*h - 125*h + 27390. Calculate the remainder when 663 is divided by h.
3
Let u = -25077 + 25088. Suppose 410 = 2*q + 3*q. What is the remainder when q is divided by u?
5
Let f(o) = 31*o**2 + 29*o - 7. What is the remainder when f(3) is divided by 116?
11
Suppose -2575 = -597*c + 6977. Calculate the remainder when 4/10 + 1426/10 is divided by c.
15
Let i(m) = 56*m - 103. Calculate the remainder when i(5) is divided by 0 + -23*(-5 - -1 - -3).
16
Suppose 0 = 7*z - 4*z - 12. Suppose 4*c + 64 = z*d, 15 = -2*d - 3*c + 62. What is the remainder when 72 is divided by d?
15
Let a = 2648 + -2381. Calculate the remainder when a is divided by 26.
7
Suppose 0 = 8*c - 189 - 107. What is the remainder when (-1 + -1)*-2*(-180)/(-16) is divided by c?
8
Suppose 0 = -5*b - 3*b. Suppose 5*s = -b*s + 2*s. Suppose -4*c + 3*d = -11 - 60, s = -5*c - 5*d + 45. What is the remainder when 95 is divided by c?
11
Let p = 13027 + -13017. What is the remainder when 9119 is divided by p?
9
Suppose 21*f - 1575 = -357. What is the remainder when 159 is divided by f?
43
Let h(g) = 2*g**3 - 2*g**2 - 5*g + 12. Let o be h(3). Suppose 6*f - o = 255. What is the remainder when 143 is divided by f?
47
Let m(r) = -3*r + 6*r**2 - r**2 + 8*r - 3*r**2. Let k = 49 + -53. Calculate the remainder when 44 is divided by m(k).
8
Let q = -26276 - -26281. What is the remainder when 1804 is divided by q?
4
Let v = -148 - -160. Suppose 608 = v*c + 56. What is the remainder when 88 is divided by c?
42
Let s be 1/(-3) - (-986)/87. Let l(r) = -14 + 13*r**2 + 4*r + s + 10. Calculate the remainder when l(-3) is divided by 23.
20
Suppose 195 + 140 = -5*o. Let r = o - -104. Suppose -x - r = -2*i + 4*x, 5*i - x - 58 = 0. Calculate the remainder when i is divided by 7.
4
Suppose 43*l = 10*l + 18*l + 4710. Calculate the remainder when l is divided by 158.
156
Let g(l) = l**3 - 43*l**2 + 38*l + 189. Calculate the remainder when 1090 is divided by g(42).
19
Let w(b) = b**2 - 13*b - 14. Suppose 401 = 4*q + 337. What is the remainder when 58 is divided by w(q)?
24
Let g = 201 + -189. Suppose -20 = -3*u + 4*a, -3*u + 24 = -15*a + g*a. Let t(l) = -8*l - 3. Calculate the remainder when t(-12) is divided by u.
9
Suppose 0*m + 5*v + 113 = 2*m, 0 = 5*m + v - 323. Suppose 0 = 2*d + 6*z - 3*z - 129, -d + m = 2*z. Calculate the remainder when d is divided by 14.
10
Let v(t) = t**3 - 11*t**2 + 11*t + 3. Let g be (-2)/6 + 248/24. What is the remainder when 61 is divided by v(g)?
9
Let f be 0 + 2 + (-3)/(9/6). Suppose 4*p - 49 = -5*c, f*p = -p + 5*c - 19. Suppose -9*r + 33 = -p*r. Calculate the remainder when 30 is divided by r.
8
Let r = -31 + 49. Let b = r - 43. Let d = b - -36. Calculate the remainder when d is divided by 5.
1
What is the remainder when (-85)/34*(-578)/17 is divided by 8/(-20) - (-164)/10?
5
What is the remainder when 2/10 + (-604)/(-5) is divided by (-59)/(3*(-15)/45)?
3
Suppose 3*v = 2*o + 51, -v - 2*v - 3*o + 36 = 0. Let p be ((-38)/76)/(2/4). What is the remainder when (-25)/((4/8)/(p/2)) is divided by v?
10
Let s = 193 - 611. Let n = s + 422. Calculate the remainder when 9 is divided by n.
1
Let w = -184 + 221. Suppose -j - 2*q = -w, -34 = -0*j - j - q. What is the remainder when 120 is divided by j?
27
What is the remainder when 301 is divided by 149 + ((-84)/16 - 10/(-40))?
13
Let m(n) = 6*n + 111. Calculate the remainder when m(66) is divided by 57.
51
Let l(u) = u + 24. Calculate the remainder when 339 is divided by l(5).
20
Let v(r) = -2*r**3 - 17*r**2 + r. Let u be v(-9). Let o = -78 + u. Let p(d) = 5*d**2 + 10*d. What is the remainder when p(o) is divided by 31?
27
Suppose -334*c + 257*c + 220759 = 0. Calculate the remainder when c is divided by 87.
83
Let n = -254 + 256. Suppose -n*a + 613 + 5 = 4*t, -3*t - 3*a = -468. Calculate the remainder when t is divided by 26.
23
Suppose 0 = 3*m + 3*t - 2031, 4*m - 5*t - 1884 = 761. Calculate the remainder when 2690 is divided by m.
10
Let p(g) = 4 + 5 + 2*g - 10 + 7. Calculate the remainder when 138 is divided by p(4).
12
Suppose 24*o = 20*o + 248. Let s = o - 21. Calculate the remainder when s is divided by 6.
5
Let w(u) = -163*u - 141. Let g be w(4). Let t = g + 800. What is the remainder when 32 is divided by t?
4
Suppose 2*y = -0*c - 2*c + 10, 2*y + 2 = 2*c. Suppose -1090*q = -1479*q + 22562. Calculate the remainder when q is divided by c.
1
Let f(g) = -7*g + 212. Let c be 29*(-7 + 8 + 0). Calculate the remainder when 142 is divided by f(c).
7
Suppose -38*g + 1708 + 17064 = 0. Calculate the remainder when g is divided by 119.
18
Calculate the remainder when 1055 is divided by (7 + 4)/((-2)/(-2)).
10
Let o(k) = k**3 + 21*k**2 + 15*k - 60. Let j = 193 - 213. What is the remainder when o(j) is divided by 9?
4
Suppose 29*p - 11*p = 324. Suppose 19*g = p*g + 140. What is the remainder when g is divided by 36?
32
Suppose -7*o - 360 - 1047 = 0. Let h = o + 270. What is the remainder when h is divided by 39?
30
What is the remainder when 9/2 + 31167/18 is divided by 79?
77
Suppose -3*r - 174 = -4*l + 2*l, -209 = 4*r + 5*l. Let i = 76 + r. Calculate the remainder when 135 is divided by i.
15
Let w(q) = -q**3 + 11*q**2 - 8*q - 72. Let d = 75 - 50. Calculate the remainder when w(7) is divided by d.
18
Let l = -13 - -19. Let p(u) = u**2 + 13*u + 10. Let f be p(l). Suppose -8*y + 6*y = -f. What is the remainder when y is divided by 16?
14
Let p = 6794 + -6722. What is the remainder when 1984 is divided by p?
40
Let z(t) = 65*t**2. Let x = -97 - -98. Calculate the remainder when 186 is divided by z(x).
56
Suppose 0 = -h + 86 - 57. Let c = h - -38. What is the remainder when c is divided by 17?
16
Let l(i) = 40*i**2 + 2*i - 2. Calculate the remainder when l(1) is divided by (25 - 1*-1) + -52 + 53.
13
Let w(s) = 2*s**2 + 4*s - 5. Let p(m) = 2*m**3 - 31*m**2 - 12*m - 60. Let f be p(16). What is the remainder when 685 is divided by w(f)?
40
Suppose -4*j - 2112 = -6*f + 2*f, -2*j + 2612 = 5*f. Suppose -f - 316 = -21*q. Calculate the remainder when 78 is divided by q.
38
Suppose 40*l - 38*l = -3*k + 1953, -2*k = 2*l - 1960. Calculate the remainder when l is divided by 311.
54
Suppose -5*g - 350 = -2*f, -2*g - f = -6*f + 140. Let j be (-1)/7 - 10/g. Suppose 3*l - 6 - 15 = j. What is the remainder when l is divided by 2?
1
Suppose -9*z - 14735 = -44*z. Calculate the remainder when z is divided by 47.
45
Suppose -8*j = -3*j + 4*s + 775, -s + 620 = -4*j. Let h = j - -166. Calculate the remainder when (1*-8)/(2/(-8)) is divided by h.
10
Let o = -372 + 2230. What is the remainder when o is divided by 377?
350
Let h be -22*4/(-8)*4. Let m = -39 + h. Suppose 6*l - 4*l - 74 = -4*o, 2*l - 4*o = 58. What is the remainder when l is divided by m?
3
Let j be (-3 - -5)*-15*4/(-24). Suppose -4 = r - i, 5*i - 22 = -2*r + j. What is the remainder when 11 is divided by r?
0
Suppose 5*d - 9 + 329 = 0. Let w = 68 + d. Suppose w*k = 54 - 14. What is the remainder when 38 is divided by k?
8
Suppose f = -3*f - 3*a + 211, -3*f + 159 = 2*a. Let q(l) = -l**3 + 110*l**2 - 2954*l - 4. Calculate the remainder when q(47) is divided by f.
50
Suppose 8*p - 74 = 7*p. Let w = p + -104. Let r = 45 + w. Calculate the remainder when 88 is divided by r.
13
Suppose 0 = 36*i + 30*i - 16038. Calculate the remainder when i is divided by 117.
9
Let f(w) = 2*w**2 + 1. Let d be f(1). Suppose -7*k + 68 = -d*k. Calculate the remainder when (-1)/(-4 - (-307)/77) + 2 + 5 is divided by k.
16
Let c(x) = x**3 + 11*x**2 - 2*x - 18. Let i be c(-11). Calculate the remainder when 101 is divided by i/56 - (-2346)/84.
17
Let k(i) = i**2 - 8*i + 5. Let t be k(8). Suppose t*g - 229 = 36. Calculate the remainder when g is divided by 5/((-86)/(-38) - 4/2).
15
Let v = -297561 + 297564. Suppose 5*m + 5 = -0. Let t = m - -6. Calculate the remainder when t is divided by v.
2
Let o(w) = -20*w - 18. Let u be o(-4). Let j be u + -7 + 2 + 1. Calculate the remainder when 13 is divided by (-1)/(-6) + j/12.
3
Suppose -62 = -12*i + 58. Suppose 12*p - 80 = i*p. Calcul